{"id":321,"date":"2022-05-20T15:23:14","date_gmt":"2022-05-20T15:23:14","guid":{"rendered":"https:\/\/unaicanela.com\/?page_id=321"},"modified":"2024-11-06T07:59:56","modified_gmt":"2024-11-06T07:59:56","slug":"portfolio","status":"publish","type":"page","link":"https:\/\/unaicanela.com\/index.php\/portfolio\/","title":{"rendered":"Portfolio"},"content":{"rendered":"\n<p class=\"has-text-align-center\"><strong>Cine\/TV<\/strong><\/p>\n\n\n\n<figure class=\"wp-block-image size-large\"><img decoding=\"async\" loading=\"lazy\" width=\"717\" height=\"1024\" src=\"https:\/\/unaicanela.com\/wp-content\/uploads\/2024\/11\/S.A.G.-poster-V48-2-MB-717x1024.jpg\" alt=\"\" class=\"wp-image-444\" srcset=\"https:\/\/unaicanela.com\/wp-content\/uploads\/2024\/11\/S.A.G.-poster-V48-2-MB-717x1024.jpg 717w, https:\/\/unaicanela.com\/wp-content\/uploads\/2024\/11\/S.A.G.-poster-V48-2-MB-210x300.jpg 210w, https:\/\/unaicanela.com\/wp-content\/uploads\/2024\/11\/S.A.G.-poster-V48-2-MB-105x150.jpg 105w, https:\/\/unaicanela.com\/wp-content\/uploads\/2024\/11\/S.A.G.-poster-V48-2-MB-768x1097.jpg 768w, https:\/\/unaicanela.com\/wp-content\/uploads\/2024\/11\/S.A.G.-poster-V48-2-MB-1076x1536.jpg 1076w, https:\/\/unaicanela.com\/wp-content\/uploads\/2024\/11\/S.A.G.-poster-V48-2-MB-1434x2048.jpg 1434w, https:\/\/unaicanela.com\/wp-content\/uploads\/2024\/11\/S.A.G.-poster-V48-2-MB.jpg 1530w\" sizes=\"(max-width: 717px) 100vw, 717px\" \/><\/figure>\n\n\n\n<p class=\"has-text-align-center\">Estero pr\u00f3ximamente en Espa\u00f1a.<\/p>\n\n\n\n<div class=\"wp-block-columns are-vertically-aligned-top is-layout-flex wp-container-9 wp-block-columns-is-layout-flex\">\n<div class=\"wp-block-column is-vertically-aligned-top is-layout-flow wp-block-column-is-layout-flow\" style=\"flex-basis:100%\">\n<div class=\"wp-block-columns is-layout-flex wp-container-7 wp-block-columns-is-layout-flex\">\n<div class=\"wp-block-column is-layout-flow wp-block-column-is-layout-flow\" style=\"flex-basis:100%\">\n<div class=\"wp-block-group is-layout-constrained wp-block-group-is-layout-constrained\"><div class=\"wp-block-group__inner-container\">\n<div class=\"wp-block-columns is-layout-flex wp-container-4 wp-block-columns-is-layout-flex\">\n<div class=\"wp-block-column is-layout-flow wp-block-column-is-layout-flow\" style=\"flex-basis:100%\">\n<figure class=\"wp-block-gallery has-nested-images columns-default is-cropped wp-block-gallery-1 is-layout-flex wp-block-gallery-is-layout-flex\">\n<figure class=\"wp-block-image size-large\"><img decoding=\"async\" loading=\"lazy\" width=\"455\" height=\"650\" src=\"https:\/\/unaicanela.com\/wp-content\/uploads\/2022\/09\/455x650_poster_panteras_264-1.jpg\" alt=\"\" class=\"wp-image-368\" srcset=\"https:\/\/unaicanela.com\/wp-content\/uploads\/2022\/09\/455x650_poster_panteras_264-1.jpg 455w, https:\/\/unaicanela.com\/wp-content\/uploads\/2022\/09\/455x650_poster_panteras_264-1-210x300.jpg 210w, https:\/\/unaicanela.com\/wp-content\/uploads\/2022\/09\/455x650_poster_panteras_264-1-105x150.jpg 105w\" sizes=\"(max-width: 455px) 100vw, 455px\" \/><\/figure>\n\n\n\n<figure class=\"wp-block-image size-large\"><img decoding=\"async\" loading=\"lazy\" width=\"455\" height=\"650\" src=\"https:\/\/unaicanela.com\/wp-content\/uploads\/2022\/09\/455x650_poster_entremontanas_a3_3857-1.jpg\" alt=\"\" class=\"wp-image-367\" srcset=\"https:\/\/unaicanela.com\/wp-content\/uploads\/2022\/09\/455x650_poster_entremontanas_a3_3857-1.jpg 455w, https:\/\/unaicanela.com\/wp-content\/uploads\/2022\/09\/455x650_poster_entremontanas_a3_3857-1-210x300.jpg 210w, https:\/\/unaicanela.com\/wp-content\/uploads\/2022\/09\/455x650_poster_entremontanas_a3_3857-1-105x150.jpg 105w\" sizes=\"(max-width: 455px) 100vw, 455px\" \/><\/figure>\n\n\n\n<figure class=\"wp-block-image size-large\"><img decoding=\"async\" loading=\"lazy\" width=\"455\" height=\"650\" src=\"https:\/\/unaicanela.com\/wp-content\/uploads\/2023\/10\/455x650_cartel_serie_panteras_70x100_2_3270-1.jpg\" alt=\"\" class=\"wp-image-431\" srcset=\"https:\/\/unaicanela.com\/wp-content\/uploads\/2023\/10\/455x650_cartel_serie_panteras_70x100_2_3270-1.jpg 455w, https:\/\/unaicanela.com\/wp-content\/uploads\/2023\/10\/455x650_cartel_serie_panteras_70x100_2_3270-1-210x300.jpg 210w, https:\/\/unaicanela.com\/wp-content\/uploads\/2023\/10\/455x650_cartel_serie_panteras_70x100_2_3270-1-105x150.jpg 105w\" sizes=\"(max-width: 455px) 100vw, 455px\" \/><\/figure>\n\n\n\n<figure class=\"wp-block-image size-large\"><img decoding=\"async\" loading=\"lazy\" width=\"480\" height=\"720\" src=\"https:\/\/unaicanela.com\/wp-content\/uploads\/2022\/09\/images.jpg\" alt=\"\" class=\"wp-image-370\" srcset=\"https:\/\/unaicanela.com\/wp-content\/uploads\/2022\/09\/images.jpg 480w, https:\/\/unaicanela.com\/wp-content\/uploads\/2022\/09\/images-200x300.jpg 200w, https:\/\/unaicanela.com\/wp-content\/uploads\/2022\/09\/images-100x150.jpg 100w\" sizes=\"(max-width: 480px) 100vw, 480px\" \/><\/figure>\n\n\n\n<figure class=\"wp-block-image size-large\"><img decoding=\"async\" loading=\"lazy\" width=\"717\" height=\"1024\" src=\"https:\/\/unaicanela.com\/wp-content\/uploads\/2022\/09\/El_viaje_de_Unai-859711439-large-717x1024.jpg\" alt=\"\" class=\"wp-image-369\" srcset=\"https:\/\/unaicanela.com\/wp-content\/uploads\/2022\/09\/El_viaje_de_Unai-859711439-large-717x1024.jpg 717w, https:\/\/unaicanela.com\/wp-content\/uploads\/2022\/09\/El_viaje_de_Unai-859711439-large-210x300.jpg 210w, https:\/\/unaicanela.com\/wp-content\/uploads\/2022\/09\/El_viaje_de_Unai-859711439-large-105x150.jpg 105w, https:\/\/unaicanela.com\/wp-content\/uploads\/2022\/09\/El_viaje_de_Unai-859711439-large-768x1097.jpg 768w, https:\/\/unaicanela.com\/wp-content\/uploads\/2022\/09\/El_viaje_de_Unai-859711439-large.jpg 840w\" sizes=\"(max-width: 717px) 100vw, 717px\" \/><\/figure>\n<\/figure>\n<\/div>\n<\/div>\n<\/div><\/div>\n<\/div>\n<\/div>\n<\/div>\n<\/div>\n\n\n\n<p class=\"has-text-align-center\">Disponibles en cines, plataformas y DVD.<\/p>\n\n\n\n<hr class=\"wp-block-separator has-css-opacity\"\/>\n\n\n\n<p><\/p>\n\n\n\n<p class=\"has-text-align-center\"><strong>Algunas fotos&#8230;<\/strong><\/p>\n\n\n\n<figure class=\"wp-block-gallery has-nested-images columns-default is-cropped wp-block-gallery-10 is-layout-flex wp-block-gallery-is-layout-flex\">\n<figure class=\"wp-block-image size-large\"><img decoding=\"async\" loading=\"lazy\" width=\"1024\" height=\"683\" data-id=\"385\" src=\"https:\/\/unaicanela.com\/wp-content\/uploads\/2022\/09\/1111355-copia-3-1-1024x683.jpg\" alt=\"\" class=\"wp-image-385\" srcset=\"https:\/\/unaicanela.com\/wp-content\/uploads\/2022\/09\/1111355-copia-3-1-1024x683.jpg 1024w, https:\/\/unaicanela.com\/wp-content\/uploads\/2022\/09\/1111355-copia-3-1-300x200.jpg 300w, https:\/\/unaicanela.com\/wp-content\/uploads\/2022\/09\/1111355-copia-3-1-150x100.jpg 150w, https:\/\/unaicanela.com\/wp-content\/uploads\/2022\/09\/1111355-copia-3-1-768x512.jpg 768w, https:\/\/unaicanela.com\/wp-content\/uploads\/2022\/09\/1111355-copia-3-1-1536x1024.jpg 1536w, https:\/\/unaicanela.com\/wp-content\/uploads\/2022\/09\/1111355-copia-3-1-2048x1365.jpg 2048w\" sizes=\"(max-width: 767px) 89vw, (max-width: 1000px) 54vw, (max-width: 1071px) 543px, 580px\" \/><\/figure>\n\n\n\n<figure class=\"wp-block-image size-large\"><img decoding=\"async\" loading=\"lazy\" width=\"850\" height=\"478\" data-id=\"387\" src=\"https:\/\/unaicanela.com\/wp-content\/uploads\/2022\/09\/850x700_entre_montanas_pic_21_3543.jpg\" alt=\"\" class=\"wp-image-387\" srcset=\"https:\/\/unaicanela.com\/wp-content\/uploads\/2022\/09\/850x700_entre_montanas_pic_21_3543.jpg 850w, https:\/\/unaicanela.com\/wp-content\/uploads\/2022\/09\/850x700_entre_montanas_pic_21_3543-300x169.jpg 300w, https:\/\/unaicanela.com\/wp-content\/uploads\/2022\/09\/850x700_entre_montanas_pic_21_3543-150x84.jpg 150w, https:\/\/unaicanela.com\/wp-content\/uploads\/2022\/09\/850x700_entre_montanas_pic_21_3543-768x432.jpg 768w\" sizes=\"(max-width: 767px) 89vw, (max-width: 1000px) 54vw, (max-width: 1071px) 543px, 580px\" \/><\/figure>\n\n\n\n<figure class=\"wp-block-image size-large\"><img decoding=\"async\" loading=\"lazy\" width=\"1024\" height=\"768\" data-id=\"388\" src=\"https:\/\/unaicanela.com\/wp-content\/uploads\/2022\/09\/DSCN06002-1-1024x768.jpg\" alt=\"\" class=\"wp-image-388\" srcset=\"https:\/\/unaicanela.com\/wp-content\/uploads\/2022\/09\/DSCN06002-1-1024x768.jpg 1024w, https:\/\/unaicanela.com\/wp-content\/uploads\/2022\/09\/DSCN06002-1-300x225.jpg 300w, https:\/\/unaicanela.com\/wp-content\/uploads\/2022\/09\/DSCN06002-1-150x113.jpg 150w, https:\/\/unaicanela.com\/wp-content\/uploads\/2022\/09\/DSCN06002-1-768x576.jpg 768w, https:\/\/unaicanela.com\/wp-content\/uploads\/2022\/09\/DSCN06002-1-1536x1152.jpg 1536w, https:\/\/unaicanela.com\/wp-content\/uploads\/2022\/09\/DSCN06002-1-2048x1536.jpg 2048w\" sizes=\"(max-width: 767px) 89vw, (max-width: 1000px) 54vw, (max-width: 1071px) 543px, 580px\" \/><\/figure>\n\n\n\n<figure class=\"wp-block-image size-large\"><img decoding=\"async\" loading=\"lazy\" width=\"1024\" height=\"683\" data-id=\"389\" src=\"https:\/\/unaicanela.com\/wp-content\/uploads\/2022\/09\/Jaguar035-copia-1024x683.jpg\" alt=\"\" class=\"wp-image-389\" srcset=\"https:\/\/unaicanela.com\/wp-content\/uploads\/2022\/09\/Jaguar035-copia-1024x683.jpg 1024w, https:\/\/unaicanela.com\/wp-content\/uploads\/2022\/09\/Jaguar035-copia-300x200.jpg 300w, https:\/\/unaicanela.com\/wp-content\/uploads\/2022\/09\/Jaguar035-copia-150x100.jpg 150w, https:\/\/unaicanela.com\/wp-content\/uploads\/2022\/09\/Jaguar035-copia-768x512.jpg 768w, https:\/\/unaicanela.com\/wp-content\/uploads\/2022\/09\/Jaguar035-copia-1536x1024.jpg 1536w, https:\/\/unaicanela.com\/wp-content\/uploads\/2022\/09\/Jaguar035-copia-2048x1366.jpg 2048w\" sizes=\"(max-width: 767px) 89vw, (max-width: 1000px) 54vw, (max-width: 1071px) 543px, 580px\" \/><\/figure>\n\n\n\n<figure class=\"wp-block-image size-large\"><img decoding=\"async\" loading=\"lazy\" width=\"1024\" height=\"683\" data-id=\"390\" src=\"https:\/\/unaicanela.com\/wp-content\/uploads\/2022\/09\/P1044402-1024x683.jpg\" alt=\"\" class=\"wp-image-390\" srcset=\"https:\/\/unaicanela.com\/wp-content\/uploads\/2022\/09\/P1044402-1024x683.jpg 1024w, https:\/\/unaicanela.com\/wp-content\/uploads\/2022\/09\/P1044402-300x200.jpg 300w, https:\/\/unaicanela.com\/wp-content\/uploads\/2022\/09\/P1044402-150x100.jpg 150w, https:\/\/unaicanela.com\/wp-content\/uploads\/2022\/09\/P1044402-768x512.jpg 768w, https:\/\/unaicanela.com\/wp-content\/uploads\/2022\/09\/P1044402-1536x1024.jpg 1536w, https:\/\/unaicanela.com\/wp-content\/uploads\/2022\/09\/P1044402-2048x1365.jpg 2048w\" sizes=\"(max-width: 767px) 89vw, (max-width: 1000px) 54vw, (max-width: 1071px) 543px, 580px\" \/><\/figure>\n\n\n\n<figure class=\"wp-block-image size-large\"><img decoding=\"async\" loading=\"lazy\" width=\"1024\" height=\"683\" data-id=\"392\" src=\"https:\/\/unaicanela.com\/wp-content\/uploads\/2022\/09\/P1155661-Recuperado-1-1024x683.jpg\" alt=\"\" class=\"wp-image-392\" srcset=\"https:\/\/unaicanela.com\/wp-content\/uploads\/2022\/09\/P1155661-Recuperado-1-1024x683.jpg 1024w, https:\/\/unaicanela.com\/wp-content\/uploads\/2022\/09\/P1155661-Recuperado-1-300x200.jpg 300w, https:\/\/unaicanela.com\/wp-content\/uploads\/2022\/09\/P1155661-Recuperado-1-150x100.jpg 150w, https:\/\/unaicanela.com\/wp-content\/uploads\/2022\/09\/P1155661-Recuperado-1-768x512.jpg 768w, https:\/\/unaicanela.com\/wp-content\/uploads\/2022\/09\/P1155661-Recuperado-1-1536x1024.jpg 1536w, https:\/\/unaicanela.com\/wp-content\/uploads\/2022\/09\/P1155661-Recuperado-1-2048x1365.jpg 2048w\" sizes=\"(max-width: 767px) 89vw, (max-width: 1000px) 54vw, (max-width: 1071px) 543px, 580px\" \/><\/figure>\n<\/figure>\n\n\n\n<p class=\"has-text-align-center\">Disponibles en art\u00edculos, libros, revistas y m\u00e1s.<\/p>\n\n\n\n<hr class=\"wp-block-separator has-css-opacity\"\/>\n\n\n\n<p><\/p>\n\n\n\n<p class=\"has-text-align-center\"><strong>M\u00fasica<\/strong><\/p>\n\n\n\n<figure class=\"wp-block-gallery has-nested-images columns-default is-cropped wp-block-gallery-12 is-layout-flex wp-block-gallery-is-layout-flex\">\n<figure class=\"wp-block-image size-large\"><img decoding=\"async\" loading=\"lazy\" width=\"1024\" height=\"1024\" data-id=\"372\" src=\"https:\/\/unaicanela.com\/wp-content\/uploads\/2022\/09\/PANTERAS-I-SONGS-1-1024x1024.jpg\" alt=\"\" class=\"wp-image-372\" srcset=\"https:\/\/unaicanela.com\/wp-content\/uploads\/2022\/09\/PANTERAS-I-SONGS-1-1024x1024.jpg 1024w, https:\/\/unaicanela.com\/wp-content\/uploads\/2022\/09\/PANTERAS-I-SONGS-1-300x300.jpg 300w, https:\/\/unaicanela.com\/wp-content\/uploads\/2022\/09\/PANTERAS-I-SONGS-1-150x150.jpg 150w, https:\/\/unaicanela.com\/wp-content\/uploads\/2022\/09\/PANTERAS-I-SONGS-1-768x768.jpg 768w, https:\/\/unaicanela.com\/wp-content\/uploads\/2022\/09\/PANTERAS-I-SONGS-1-1536x1536.jpg 1536w, https:\/\/unaicanela.com\/wp-content\/uploads\/2022\/09\/PANTERAS-I-SONGS-1-2048x2048.jpg 2048w, https:\/\/unaicanela.com\/wp-content\/uploads\/2022\/09\/PANTERAS-I-SONGS-1-100x100.jpg 100w\" sizes=\"(max-width: 767px) 89vw, (max-width: 1000px) 54vw, (max-width: 1071px) 543px, 580px\" \/><\/figure>\n\n\n\n<figure class=\"wp-block-image size-large\"><img decoding=\"async\" loading=\"lazy\" width=\"1024\" height=\"1024\" data-id=\"398\" src=\"https:\/\/unaicanela.com\/wp-content\/uploads\/2022\/09\/ENTMON_PORTADA_JPG_V21-1024x1024.jpg\" alt=\"\" class=\"wp-image-398\" srcset=\"https:\/\/unaicanela.com\/wp-content\/uploads\/2022\/09\/ENTMON_PORTADA_JPG_V21-1024x1024.jpg 1024w, https:\/\/unaicanela.com\/wp-content\/uploads\/2022\/09\/ENTMON_PORTADA_JPG_V21-300x300.jpg 300w, https:\/\/unaicanela.com\/wp-content\/uploads\/2022\/09\/ENTMON_PORTADA_JPG_V21-150x150.jpg 150w, https:\/\/unaicanela.com\/wp-content\/uploads\/2022\/09\/ENTMON_PORTADA_JPG_V21-768x768.jpg 768w, https:\/\/unaicanela.com\/wp-content\/uploads\/2022\/09\/ENTMON_PORTADA_JPG_V21-1536x1536.jpg 1536w, https:\/\/unaicanela.com\/wp-content\/uploads\/2022\/09\/ENTMON_PORTADA_JPG_V21-2048x2048.jpg 2048w, https:\/\/unaicanela.com\/wp-content\/uploads\/2022\/09\/ENTMON_PORTADA_JPG_V21-100x100.jpg 100w\" sizes=\"(max-width: 767px) 89vw, (max-width: 1000px) 54vw, (max-width: 1071px) 543px, 580px\" \/><\/figure>\n<\/figure>\n\n\n\n<p class=\"has-text-align-center\">Disponibles en plataformas de Streaming.<\/p>\n\n\n\n<figure class=\"wp-block-gallery has-nested-images columns-default is-cropped wp-block-gallery-14 is-layout-flex wp-block-gallery-is-layout-flex\"><\/figure>\n","protected":false},"excerpt":{"rendered":"<p>Cine\/TV Estero pr\u00f3ximamente en Espa\u00f1a. Disponibles en cines, plataformas y DVD. Algunas fotos&#8230; Disponibles en art\u00edculos, libros, revistas y m\u00e1s. M\u00fasica Disponibles en plataformas de Streaming.<\/p>\n","protected":false},"author":1,"featured_media":0,"parent":0,"menu_order":0,"comment_status":"closed","ping_status":"closed","template":"","meta":{"footnotes":""},"yoast_head":"<!-- This site is optimized with the Yoast SEO plugin v20.13 - https:\/\/yoast.com\/wordpress\/plugins\/seo\/ -->\n<title>Portfolio - Unai Canela<\/title>\n<meta name=\"robots\" content=\"index, follow, max-snippet:-1, max-image-preview:large, max-video-preview:-1\" \/>\n<link rel=\"canonical\" href=\"https:\/\/unaicanela.com\/index.php\/portfolio\/\" \/>\n<meta property=\"og:locale\" content=\"es_ES\" \/>\n<meta property=\"og:type\" content=\"article\" \/>\n<meta property=\"og:title\" content=\"Portfolio - Unai Canela\" \/>\n<meta property=\"og:description\" content=\"Cine\/TV Estero pr\u00f3ximamente en Espa\u00f1a. Disponibles en cines, plataformas y DVD. Algunas fotos&#8230; Disponibles en art\u00edculos, libros, revistas y m\u00e1s. M\u00fasica Disponibles en plataformas de Streaming.\" \/>\n<meta property=\"og:url\" content=\"https:\/\/unaicanela.com\/index.php\/portfolio\/\" \/>\n<meta property=\"og:site_name\" content=\"Unai Canela\" \/>\n<meta property=\"article:modified_time\" content=\"2024-11-06T07:59:56+00:00\" \/>\n<meta property=\"og:image\" content=\"https:\/\/unaicanela.com\/wp-content\/uploads\/2024\/11\/S.A.G.-poster-V48-2-MB-717x1024.jpg\" \/>\n<meta name=\"twitter:card\" content=\"summary_large_image\" \/>\n<meta name=\"twitter:label1\" content=\"Tiempo de lectura\" \/>\n\t<meta name=\"twitter:data1\" content=\"3 minutos\" \/>\n<script type=\"application\/ld+json\" class=\"yoast-schema-graph\">{\"@context\":\"https:\/\/schema.org\",\"@graph\":[{\"@type\":\"WebPage\",\"@id\":\"https:\/\/unaicanela.com\/index.php\/portfolio\/\",\"url\":\"https:\/\/unaicanela.com\/index.php\/portfolio\/\",\"name\":\"Portfolio - Unai Canela\",\"isPartOf\":{\"@id\":\"https:\/\/unaicanela.com\/#website\"},\"datePublished\":\"2022-05-20T15:23:14+00:00\",\"dateModified\":\"2024-11-06T07:59:56+00:00\",\"breadcrumb\":{\"@id\":\"https:\/\/unaicanela.com\/index.php\/portfolio\/#breadcrumb\"},\"inLanguage\":\"es\",\"potentialAction\":[{\"@type\":\"ReadAction\",\"target\":[\"https:\/\/unaicanela.com\/index.php\/portfolio\/\"]}]},{\"@type\":\"BreadcrumbList\",\"@id\":\"https:\/\/unaicanela.com\/index.php\/portfolio\/#breadcrumb\",\"itemListElement\":[{\"@type\":\"ListItem\",\"position\":1,\"name\":\"Portada\",\"item\":\"https:\/\/unaicanela.com\/\"},{\"@type\":\"ListItem\",\"position\":2,\"name\":\"Portfolio\"}]},{\"@type\":\"WebSite\",\"@id\":\"https:\/\/unaicanela.com\/#website\",\"url\":\"https:\/\/unaicanela.com\/\",\"name\":\"Unai Canela\",\"description\":\"Looking for the wild\",\"potentialAction\":[{\"@type\":\"SearchAction\",\"target\":{\"@type\":\"EntryPoint\",\"urlTemplate\":\"https:\/\/unaicanela.com\/?s={search_term_string}\"},\"query-input\":\"required name=search_term_string\"}],\"inLanguage\":\"es\"}]}<\/script>\n<!-- \/ Yoast SEO plugin. -->","yoast_head_json":{"title":"Portfolio - Unai Canela","robots":{"index":"index","follow":"follow","max-snippet":"max-snippet:-1","max-image-preview":"max-image-preview:large","max-video-preview":"max-video-preview:-1"},"canonical":"https:\/\/unaicanela.com\/index.php\/portfolio\/","og_locale":"es_ES","og_type":"article","og_title":"Portfolio - Unai Canela","og_description":"Cine\/TV Estero pr\u00f3ximamente en Espa\u00f1a. Disponibles en cines, plataformas y DVD. Algunas fotos&#8230; Disponibles en art\u00edculos, libros, revistas y m\u00e1s. M\u00fasica Disponibles en plataformas de Streaming.","og_url":"https:\/\/unaicanela.com\/index.php\/portfolio\/","og_site_name":"Unai Canela","article_modified_time":"2024-11-06T07:59:56+00:00","og_image":[{"url":"https:\/\/unaicanela.com\/wp-content\/uploads\/2024\/11\/S.A.G.-poster-V48-2-MB-717x1024.jpg"}],"twitter_card":"summary_large_image","twitter_misc":{"Tiempo de lectura":"3 minutos"},"schema":{"@context":"https:\/\/schema.org","@graph":[{"@type":"WebPage","@id":"https:\/\/unaicanela.com\/index.php\/portfolio\/","url":"https:\/\/unaicanela.com\/index.php\/portfolio\/","name":"Portfolio - Unai Canela","isPartOf":{"@id":"https:\/\/unaicanela.com\/#website"},"datePublished":"2022-05-20T15:23:14+00:00","dateModified":"2024-11-06T07:59:56+00:00","breadcrumb":{"@id":"https:\/\/unaicanela.com\/index.php\/portfolio\/#breadcrumb"},"inLanguage":"es","potentialAction":[{"@type":"ReadAction","target":["https:\/\/unaicanela.com\/index.php\/portfolio\/"]}]},{"@type":"BreadcrumbList","@id":"https:\/\/unaicanela.com\/index.php\/portfolio\/#breadcrumb","itemListElement":[{"@type":"ListItem","position":1,"name":"Portada","item":"https:\/\/unaicanela.com\/"},{"@type":"ListItem","position":2,"name":"Portfolio"}]},{"@type":"WebSite","@id":"https:\/\/unaicanela.com\/#website","url":"https:\/\/unaicanela.com\/","name":"Unai Canela","description":"Looking for the wild","potentialAction":[{"@type":"SearchAction","target":{"@type":"EntryPoint","urlTemplate":"https:\/\/unaicanela.com\/?s={search_term_string}"},"query-input":"required name=search_term_string"}],"inLanguage":"es"}]}},"_links":{"self":[{"href":"https:\/\/unaicanela.com\/index.php\/wp-json\/wp\/v2\/pages\/321"}],"collection":[{"href":"https:\/\/unaicanela.com\/index.php\/wp-json\/wp\/v2\/pages"}],"about":[{"href":"https:\/\/unaicanela.com\/index.php\/wp-json\/wp\/v2\/types\/page"}],"author":[{"embeddable":true,"href":"https:\/\/unaicanela.com\/index.php\/wp-json\/wp\/v2\/users\/1"}],"replies":[{"embeddable":true,"href":"https:\/\/unaicanela.com\/index.php\/wp-json\/wp\/v2\/comments?post=321"}],"version-history":[{"count":16,"href":"https:\/\/unaicanela.com\/index.php\/wp-json\/wp\/v2\/pages\/321\/revisions"}],"predecessor-version":[{"id":452,"href":"https:\/\/unaicanela.com\/index.php\/wp-json\/wp\/v2\/pages\/321\/revisions\/452"}],"wp:attachment":[{"href":"https:\/\/unaicanela.com\/index.php\/wp-json\/wp\/v2\/media?parent=321"}],"curies":[{"name":"wp","href":"https:\/\/api.w.org\/{rel}","templated":true}]}}